{"id":6830,"date":"2025-12-12T19:38:29","date_gmt":"2025-12-12T18:38:29","guid":{"rendered":"https:\/\/france-empires.com\/?page_id=6830"},"modified":"2025-12-18T14:00:00","modified_gmt":"2025-12-18T13:00:00","slug":"mentions-legales","status":"publish","type":"page","link":"https:\/\/france-empires.com\/index.php\/mentions-legales\/","title":{"rendered":"Mentions l\u00e9gales"},"content":{"rendered":"\n<p><strong>1. \u00c9diteur du site<\/strong><\/p>\n\n\n\n<p><strong>Nom \/ Raison sociale :<\/strong>\u00a0France EMPIRES<\/p>\n\n\n\n<p><strong>Adresse :<\/strong>\u00a0Avenue Charles De Gaulle, 78230 Le Pecq<\/p>\n\n\n\n<p><strong>T\u00e9l\u00e9phone :\u00a0<\/strong>\u00a0+33 (0) 663440463<\/p>\n\n\n\n<p><strong>Email :<\/strong> contact@france-empires.com<\/p>\n\n\n\n<p><strong>RCS<\/strong> : 529 380 693<\/p>\n\n\n\n<p><strong>Directreur de la publication :<\/strong>\u00a0\u00a0Jean-Michel LEFEVRE<\/p>\n\n\n\n<p><strong>2. H\u00e9bergeur du site<\/strong><\/p>\n\n\n\n<p><strong>H\u00e9bergeur :<\/strong>&nbsp;HOSTINGER INTERNATIONAL LTD,<\/p>\n\n\n\n<p><strong>Adresse :<\/strong>&nbsp;Le si\u00e8ge social se situe&nbsp;<strong>61 Lordou Vironos Street, 6023 Larnaca, Chypre<\/strong><\/p>\n\n\n\n<p><strong>T\u00e9l\u00e9phone :<\/strong>&nbsp;<a href=\"tel:+37064503378\">+37064503378<\/a><\/p>\n\n\n\n<p><strong>3. Propri\u00e9t\u00e9 intellectuelle<\/strong><\/p>\n\n\n\n<p>L\u2019ensemble des contenus pr\u00e9sents sur ce site (textes, images, vid\u00e9os, audios, logos) est la propri\u00e9t\u00e9 exclusive de France EMPIRES ou de ses partenaires. <\/p>\n\n\n\n<p>Toute reproduction, diffusion ou exploitation sans autorisation est interdite.<\/p>\n\n\n\n<p><strong>4. Donn\u00e9es personnelles<\/strong><\/p>\n\n\n\n<p>Les informations collect\u00e9es sur ce site (inscriptions, formulaires, contacts) sont utilis\u00e9es uniquement pour la gestion des inscriptions, envoi de newsletters et informations sur les services.<\/p>\n\n\n\n<p>Conform\u00e9ment au RGPD, vous disposez d\u2019un droit d\u2019acc\u00e8s, de rectification, de suppression et de portabilit\u00e9 des donn\u00e9es.&nbsp;<\/p>\n\n\n\n<p>Vous pouvez exercer ce droit en contactant :&nbsp;<a href=\"mailto:carolinekarout@gmail.com\" target=\"_blank\" rel=\"noreferrer noopener\">carolinekarout@gmail.com<\/a>.<\/p>\n\n\n\n<p><strong>5. Cookies<\/strong><\/p>\n\n\n\n<p>Le site peut utiliser des cookies pour am\u00e9liorer l\u2019exp\u00e9rience utilisateur et mesurer l\u2019audience. Vous pouvez configurer votre navigateur pour refuser les cookies.<\/p>\n\n\n\n<p><strong>6. Responsabilit\u00e9<\/strong><\/p>\n\n\n\n<p>France EMPIRES s\u2019efforce de fournir des informations exactes et actualis\u00e9es sur le site. Toutefois, elle ne saurait \u00eatre tenue responsable des erreurs ou omissions.<\/p>\n\n\n\n<p><strong>7. Liens externes<\/strong><\/p>\n\n\n\n<p>Les liens vers des sites tiers sont fournis \u00e0 titre informatif. France EMPIRES n\u2019est pas responsable du contenu de ces sites.<\/p>\n\n\n\n<p><strong>8. Loi applicable et juridiction<\/strong><\/p>\n\n\n\n<p>Les pr\u00e9sentes mentions l\u00e9gales sont r\u00e9gies par la loi fran\u00e7aise. Tout litige sera soumis aux tribunaux comp\u00e9tents du lieu du si\u00e8ge social de l\u2019\u00e9diteur.<\/p>\n\n\n\n<p><strong>Derni\u00e8re mise \u00e0 jour :<\/strong>\u00a018\/12\/2025<\/p>\n\n\n\n<p><\/p>\n","protected":false},"excerpt":{"rendered":"<p>1. \u00c9diteur du site Nom \/ Raison sociale :\u00a0France EMPIRES Adresse :\u00a0Avenue Charles De Gaulle, 78230 Le Pecq T\u00e9l\u00e9phone :\u00a0\u00a0+33 (0) 663440463 Email : contact@france-empires.com RCS : 529 380 693 Directreur de la publication :\u00a0\u00a0Jean-Michel LEFEVRE 2. H\u00e9bergeur du site H\u00e9bergeur :&nbsp;HOSTINGER INTERNATIONAL LTD, Adresse :&nbsp;Le si\u00e8ge social se situe&nbsp;61 Lordou&hellip;<\/p>\n","protected":false},"author":1,"featured_media":0,"parent":0,"menu_order":0,"comment_status":"closed","ping_status":"closed","template":"","meta":{"footnotes":""},"class_list":["post-6830","page","type-page","status-publish","hentry"],"_links":{"self":[{"href":"https:\/\/france-empires.com\/index.php\/wp-json\/wp\/v2\/pages\/6830","targetHints":{"allow":["GET"]}}],"collection":[{"href":"https:\/\/france-empires.com\/index.php\/wp-json\/wp\/v2\/pages"}],"about":[{"href":"https:\/\/france-empires.com\/index.php\/wp-json\/wp\/v2\/types\/page"}],"author":[{"embeddable":true,"href":"https:\/\/france-empires.com\/index.php\/wp-json\/wp\/v2\/users\/1"}],"replies":[{"embeddable":true,"href":"https:\/\/france-empires.com\/index.php\/wp-json\/wp\/v2\/comments?post=6830"}],"version-history":[{"count":6,"href":"https:\/\/france-empires.com\/index.php\/wp-json\/wp\/v2\/pages\/6830\/revisions"}],"predecessor-version":[{"id":7059,"href":"https:\/\/france-empires.com\/index.php\/wp-json\/wp\/v2\/pages\/6830\/revisions\/7059"}],"wp:attachment":[{"href":"https:\/\/france-empires.com\/index.php\/wp-json\/wp\/v2\/media?parent=6830"}],"curies":[{"name":"wp","href":"https:\/\/api.w.org\/{rel}","templated":true}]}}