{"id":1618,"date":"2023-02-11T22:13:23","date_gmt":"2023-02-11T21:13:23","guid":{"rendered":"https:\/\/france-empires.com\/?post_type=product&#038;p=1618"},"modified":"2023-05-11T15:25:21","modified_gmt":"2023-05-11T13:25:21","slug":"ceinturon-officier-wh-koppel-und-zweidornschnalle","status":"publish","type":"product","link":"https:\/\/france-empires.com\/index.php\/produit\/ceinturon-officier-wh-koppel-und-zweidornschnalle\/","title":{"rendered":"Ceinturon officier WH. Koppel und Zweidornschnalle"},"content":{"rendered":"<p>Ceinturon d&rsquo;officier WH \u00ab\u00a0Zweidorn\u00a0\u00bb<\/p>\n<p>Bonne taille (110), et parfait \u00e9tat.<\/p>\n<p>Marquage de fabricant Berlin 1936.<\/p>\n<p>Bonne pi\u00e8ce pr\u00e9coce.<\/p>\n<p>&nbsp;<\/p>\n<p>D\u00e9p\u00f4t de particulier.<\/p>\n<p>&nbsp;<\/p>\n<p>&nbsp;<\/p>\n","protected":false},"excerpt":{"rendered":"<p>Ceinturon d&rsquo;officier WH \u00ab\u00a0Zweidorn\u00a0\u00bb Bonne taille (110), et parfait \u00e9tat. Marquage de fabricant Berlin 1936. Bonne pi\u00e8ce pr\u00e9coce. &nbsp; D\u00e9p\u00f4t de particulier. &nbsp; &nbsp;<\/p>\n","protected":false},"featured_media":1619,"template":"","meta":[],"product_brand":[],"product_cat":[25,51],"product_tag":[],"class_list":{"0":"post-1618","1":"product","2":"type-product","3":"status-publish","4":"has-post-thumbnail","6":"product_cat-equipements","7":"product_cat-equipements-du-soldat-pour-le-combat-ceinturons-cartouchieres-sac-a-dos-etc","8":"pa_statut-vendu","10":"first","11":"outofstock","12":"product-type-simple"},"_links":{"self":[{"href":"https:\/\/france-empires.com\/index.php\/wp-json\/wp\/v2\/product\/1618","targetHints":{"allow":["GET"]}}],"collection":[{"href":"https:\/\/france-empires.com\/index.php\/wp-json\/wp\/v2\/product"}],"about":[{"href":"https:\/\/france-empires.com\/index.php\/wp-json\/wp\/v2\/types\/product"}],"wp:featuredmedia":[{"embeddable":true,"href":"https:\/\/france-empires.com\/index.php\/wp-json\/wp\/v2\/media\/1619"}],"wp:attachment":[{"href":"https:\/\/france-empires.com\/index.php\/wp-json\/wp\/v2\/media?parent=1618"}],"wp:term":[{"taxonomy":"product_brand","embeddable":true,"href":"https:\/\/france-empires.com\/index.php\/wp-json\/wp\/v2\/product_brand?post=1618"},{"taxonomy":"product_cat","embeddable":true,"href":"https:\/\/france-empires.com\/index.php\/wp-json\/wp\/v2\/product_cat?post=1618"},{"taxonomy":"product_tag","embeddable":true,"href":"https:\/\/france-empires.com\/index.php\/wp-json\/wp\/v2\/product_tag?post=1618"}],"curies":[{"name":"wp","href":"https:\/\/api.w.org\/{rel}","templated":true}]}}