{"id":2122,"date":"2023-02-15T23:08:16","date_gmt":"2023-02-15T22:08:16","guid":{"rendered":"https:\/\/france-empires.com\/?post_type=product&#038;p=2122"},"modified":"2024-06-07T16:15:07","modified_gmt":"2024-06-07T14:15:07","slug":"tornister-lw-div-hermann-goering","status":"publish","type":"product","link":"https:\/\/france-empires.com\/index.php\/produit\/tornister-lw-div-hermann-goering\/","title":{"rendered":"Tornister LW Div Hermann Goering"},"content":{"rendered":"<p>Sac a dos attribu\u00e9 au r\u00e9giment Hermann Goering.<\/p>\n<p>Superbes marquages de r\u00e9ception.<\/p>\n<p>Rare !<\/p>\n<p>&nbsp;<\/p>\n<p>D\u00e9p\u00f4t de particulier.<\/p>\n","protected":false},"excerpt":{"rendered":"<p>Sac a dos attribu\u00e9 au r\u00e9giment Hermann Goering. Superbes marquages de r\u00e9ception. Rare ! &nbsp; D\u00e9p\u00f4t de particulier.<\/p>\n","protected":false},"featured_media":2062,"template":"","meta":[],"product_brand":[],"product_cat":[25,51],"product_tag":[],"class_list":{"0":"post-2122","1":"product","2":"type-product","3":"status-publish","4":"has-post-thumbnail","6":"product_cat-equipements","7":"product_cat-equipements-du-soldat-pour-le-combat-ceinturons-cartouchieres-sac-a-dos-etc","8":"pa_statut-vendu","10":"first","11":"outofstock","12":"product-type-simple"},"_links":{"self":[{"href":"https:\/\/france-empires.com\/index.php\/wp-json\/wp\/v2\/product\/2122","targetHints":{"allow":["GET"]}}],"collection":[{"href":"https:\/\/france-empires.com\/index.php\/wp-json\/wp\/v2\/product"}],"about":[{"href":"https:\/\/france-empires.com\/index.php\/wp-json\/wp\/v2\/types\/product"}],"wp:featuredmedia":[{"embeddable":true,"href":"https:\/\/france-empires.com\/index.php\/wp-json\/wp\/v2\/media\/2062"}],"wp:attachment":[{"href":"https:\/\/france-empires.com\/index.php\/wp-json\/wp\/v2\/media?parent=2122"}],"wp:term":[{"taxonomy":"product_brand","embeddable":true,"href":"https:\/\/france-empires.com\/index.php\/wp-json\/wp\/v2\/product_brand?post=2122"},{"taxonomy":"product_cat","embeddable":true,"href":"https:\/\/france-empires.com\/index.php\/wp-json\/wp\/v2\/product_cat?post=2122"},{"taxonomy":"product_tag","embeddable":true,"href":"https:\/\/france-empires.com\/index.php\/wp-json\/wp\/v2\/product_tag?post=2122"}],"curies":[{"name":"wp","href":"https:\/\/api.w.org\/{rel}","templated":true}]}}