{"id":2477,"date":"2023-03-13T00:25:41","date_gmt":"2023-03-12T23:25:41","guid":{"rendered":"https:\/\/france-empires.com\/?post_type=product&#038;p=2477"},"modified":"2024-03-01T15:53:24","modified_gmt":"2024-03-01T14:53:24","slug":"plaque-de-bonnet-dourson-grenadier-epoque-restauration","status":"publish","type":"product","link":"https:\/\/france-empires.com\/index.php\/produit\/plaque-de-bonnet-dourson-grenadier-epoque-restauration\/","title":{"rendered":"Plaque de bonnet d&rsquo;ourson Grenadier \u00e9poque Restauration"},"content":{"rendered":"<p>Belle plaque ayant gard\u00e9 une partie de son argenture.<\/p>\n<p>Bords repli\u00e9s a l&rsquo;arri\u00e8re. Trous pour la fixer sur le bonnet d&rsquo;ourson.<\/p>\n<p>Belle pi\u00e8ce de vitrine.<\/p>\n","protected":false},"excerpt":{"rendered":"<p>Belle plaque ayant gard\u00e9 une partie de son argenture. Bords repli\u00e9s a l&rsquo;arri\u00e8re. Trous pour la fixer sur le bonnet d&rsquo;ourson. Belle pi\u00e8ce de vitrine.<\/p>\n","protected":false},"featured_media":2478,"template":"","meta":[],"product_brand":[],"product_cat":[46,24],"product_tag":[],"class_list":{"0":"post-2477","1":"product","2":"type-product","3":"status-publish","4":"has-post-thumbnail","6":"product_cat-accessoires-et-pieces-detachees-de-coiffures","7":"product_cat-uniformes-et-coiffures","8":"pa_statut-vendu","10":"first","11":"outofstock","12":"product-type-simple"},"_links":{"self":[{"href":"https:\/\/france-empires.com\/index.php\/wp-json\/wp\/v2\/product\/2477","targetHints":{"allow":["GET"]}}],"collection":[{"href":"https:\/\/france-empires.com\/index.php\/wp-json\/wp\/v2\/product"}],"about":[{"href":"https:\/\/france-empires.com\/index.php\/wp-json\/wp\/v2\/types\/product"}],"wp:featuredmedia":[{"embeddable":true,"href":"https:\/\/france-empires.com\/index.php\/wp-json\/wp\/v2\/media\/2478"}],"wp:attachment":[{"href":"https:\/\/france-empires.com\/index.php\/wp-json\/wp\/v2\/media?parent=2477"}],"wp:term":[{"taxonomy":"product_brand","embeddable":true,"href":"https:\/\/france-empires.com\/index.php\/wp-json\/wp\/v2\/product_brand?post=2477"},{"taxonomy":"product_cat","embeddable":true,"href":"https:\/\/france-empires.com\/index.php\/wp-json\/wp\/v2\/product_cat?post=2477"},{"taxonomy":"product_tag","embeddable":true,"href":"https:\/\/france-empires.com\/index.php\/wp-json\/wp\/v2\/product_tag?post=2477"}],"curies":[{"name":"wp","href":"https:\/\/api.w.org\/{rel}","templated":true}]}}