{"id":2621,"date":"2023-03-19T19:00:23","date_gmt":"2023-03-19T18:00:23","guid":{"rendered":"https:\/\/france-empires.com\/?post_type=product&#038;p=2621"},"modified":"2024-05-16T22:30:05","modified_gmt":"2024-05-16T20:30:05","slug":"battle-dress-blouse-and-pants-ww2","status":"publish","type":"product","link":"https:\/\/france-empires.com\/index.php\/produit\/battle-dress-blouse-and-pants-ww2\/","title":{"rendered":"Battle-dress blouse and pants, ww2"},"content":{"rendered":"<p>Blouson et pantalon de battle dress GB de fabrication lend lease am\u00e9ricaine.<\/p>\n<p>Etiquettes de fabrication pr\u00e9sentes<\/p>\n<p>Ensemble bien marqu\u00e9e et dat\u00e9e (1942, 1943 et 1944)<\/p>\n<p>Le pantalon a \u00e9t\u00e9 repris\u00e9 proprement<\/p>\n<p>&nbsp;<\/p>\n<p>D\u00e9p\u00f4t de particulier<\/p>\n","protected":false},"excerpt":{"rendered":"<p>Blouson et pantalon de battle dress GB de fabrication lend lease am\u00e9ricaine. Etiquettes de fabrication pr\u00e9sentes Ensemble bien marqu\u00e9e et dat\u00e9e (1942, 1943 et 1944) Le pantalon a \u00e9t\u00e9 repris\u00e9 proprement &nbsp; D\u00e9p\u00f4t de particulier<\/p>\n","protected":false},"featured_media":2629,"template":"","meta":[],"product_brand":[],"product_cat":[47,24],"product_tag":[],"class_list":{"0":"post-2621","1":"product","2":"type-product","3":"status-publish","4":"has-post-thumbnail","6":"product_cat-uniformes-complets-et-elements-seuls","7":"product_cat-uniformes-et-coiffures","8":"pa_statut-vendu","10":"first","11":"outofstock","12":"product-type-simple"},"_links":{"self":[{"href":"https:\/\/france-empires.com\/index.php\/wp-json\/wp\/v2\/product\/2621","targetHints":{"allow":["GET"]}}],"collection":[{"href":"https:\/\/france-empires.com\/index.php\/wp-json\/wp\/v2\/product"}],"about":[{"href":"https:\/\/france-empires.com\/index.php\/wp-json\/wp\/v2\/types\/product"}],"wp:featuredmedia":[{"embeddable":true,"href":"https:\/\/france-empires.com\/index.php\/wp-json\/wp\/v2\/media\/2629"}],"wp:attachment":[{"href":"https:\/\/france-empires.com\/index.php\/wp-json\/wp\/v2\/media?parent=2621"}],"wp:term":[{"taxonomy":"product_brand","embeddable":true,"href":"https:\/\/france-empires.com\/index.php\/wp-json\/wp\/v2\/product_brand?post=2621"},{"taxonomy":"product_cat","embeddable":true,"href":"https:\/\/france-empires.com\/index.php\/wp-json\/wp\/v2\/product_cat?post=2621"},{"taxonomy":"product_tag","embeddable":true,"href":"https:\/\/france-empires.com\/index.php\/wp-json\/wp\/v2\/product_tag?post=2621"}],"curies":[{"name":"wp","href":"https:\/\/api.w.org\/{rel}","templated":true}]}}