{"id":2637,"date":"2023-03-19T19:00:29","date_gmt":"2023-03-19T18:00:29","guid":{"rendered":"https:\/\/france-empires.com\/?post_type=product&#038;p=2637"},"modified":"2024-05-16T22:30:35","modified_gmt":"2024-05-16T20:30:35","slug":"bretelle-de-mp38-mp40","status":"publish","type":"product","link":"https:\/\/france-empires.com\/index.php\/produit\/bretelle-de-mp38-mp40\/","title":{"rendered":"Bretelle de MP38 \/ MP40"},"content":{"rendered":"<p>Bretelle en ABE seulement, manque en largeur, et il manque un passant et un rivet de fermeture<\/p>\n<p>Tr\u00e8s pr\u00e9sentable n\u00e9anmoins, dans sa longueur d&rsquo;origine et relativement facile a am\u00e9liorer<\/p>\n<p>Pas de marquage visible<\/p>\n","protected":false},"excerpt":{"rendered":"<p>Bretelle en ABE seulement, manque en largeur, et il manque un passant et un rivet de fermeture Tr\u00e8s pr\u00e9sentable n\u00e9anmoins, dans sa longueur d&rsquo;origine et relativement facile a am\u00e9liorer Pas de marquage visible<\/p>\n","protected":false},"featured_media":2641,"template":"","meta":[],"product_brand":[],"product_cat":[83,76,25,51],"product_tag":[],"class_list":{"0":"post-2637","1":"product","2":"type-product","3":"status-publish","4":"has-post-thumbnail","6":"product_cat-accessoires-darmes","7":"product_cat-armes-anciennes","8":"product_cat-equipements","9":"product_cat-equipements-du-soldat-pour-le-combat-ceinturons-cartouchieres-sac-a-dos-etc","10":"pa_statut-vendu","12":"first","13":"outofstock","14":"purchasable","15":"product-type-simple"},"_links":{"self":[{"href":"https:\/\/france-empires.com\/index.php\/wp-json\/wp\/v2\/product\/2637","targetHints":{"allow":["GET"]}}],"collection":[{"href":"https:\/\/france-empires.com\/index.php\/wp-json\/wp\/v2\/product"}],"about":[{"href":"https:\/\/france-empires.com\/index.php\/wp-json\/wp\/v2\/types\/product"}],"wp:featuredmedia":[{"embeddable":true,"href":"https:\/\/france-empires.com\/index.php\/wp-json\/wp\/v2\/media\/2641"}],"wp:attachment":[{"href":"https:\/\/france-empires.com\/index.php\/wp-json\/wp\/v2\/media?parent=2637"}],"wp:term":[{"taxonomy":"product_brand","embeddable":true,"href":"https:\/\/france-empires.com\/index.php\/wp-json\/wp\/v2\/product_brand?post=2637"},{"taxonomy":"product_cat","embeddable":true,"href":"https:\/\/france-empires.com\/index.php\/wp-json\/wp\/v2\/product_cat?post=2637"},{"taxonomy":"product_tag","embeddable":true,"href":"https:\/\/france-empires.com\/index.php\/wp-json\/wp\/v2\/product_tag?post=2637"}],"curies":[{"name":"wp","href":"https:\/\/api.w.org\/{rel}","templated":true}]}}