{"id":2761,"date":"2023-03-28T22:07:20","date_gmt":"2023-03-28T20:07:20","guid":{"rendered":"https:\/\/france-empires.com\/?post_type=product&#038;p=2761"},"modified":"2024-05-16T22:31:16","modified_gmt":"2024-05-16T20:31:16","slug":"us-navy-caban-pantalon-et-cabas-nominatifs","status":"publish","type":"product","link":"https:\/\/france-empires.com\/index.php\/produit\/us-navy-caban-pantalon-et-cabas-nominatifs\/","title":{"rendered":"US NAVY caban, pantalon et cabas nominatifs"},"content":{"rendered":"<p>US NAVY caban, pantalon et cabas<\/p>\n<p>Bel ensemble de m\u00eame provenance.<\/p>\n<p>Le tout nominatif et en TBE<\/p>\n<p>&nbsp;<\/p>\n<p>D\u00e9p\u00f4t de particulier.<\/p>\n","protected":false},"excerpt":{"rendered":"<p>US NAVY caban, pantalon et cabas Bel ensemble de m\u00eame provenance. Le tout nominatif et en TBE &nbsp; D\u00e9p\u00f4t de particulier.<\/p>\n","protected":false},"featured_media":2762,"template":"","meta":[],"product_brand":[],"product_cat":[53,25,47,24],"product_tag":[],"class_list":{"0":"post-2761","1":"product","2":"type-product","3":"status-publish","4":"has-post-thumbnail","6":"product_cat-autres-equipements-individuels-et-collectifs","7":"product_cat-equipements","8":"product_cat-uniformes-complets-et-elements-seuls","9":"product_cat-uniformes-et-coiffures","10":"pa_statut-vendu","12":"first","13":"outofstock","14":"product-type-simple"},"_links":{"self":[{"href":"https:\/\/france-empires.com\/index.php\/wp-json\/wp\/v2\/product\/2761","targetHints":{"allow":["GET"]}}],"collection":[{"href":"https:\/\/france-empires.com\/index.php\/wp-json\/wp\/v2\/product"}],"about":[{"href":"https:\/\/france-empires.com\/index.php\/wp-json\/wp\/v2\/types\/product"}],"wp:featuredmedia":[{"embeddable":true,"href":"https:\/\/france-empires.com\/index.php\/wp-json\/wp\/v2\/media\/2762"}],"wp:attachment":[{"href":"https:\/\/france-empires.com\/index.php\/wp-json\/wp\/v2\/media?parent=2761"}],"wp:term":[{"taxonomy":"product_brand","embeddable":true,"href":"https:\/\/france-empires.com\/index.php\/wp-json\/wp\/v2\/product_brand?post=2761"},{"taxonomy":"product_cat","embeddable":true,"href":"https:\/\/france-empires.com\/index.php\/wp-json\/wp\/v2\/product_cat?post=2761"},{"taxonomy":"product_tag","embeddable":true,"href":"https:\/\/france-empires.com\/index.php\/wp-json\/wp\/v2\/product_tag?post=2761"}],"curies":[{"name":"wp","href":"https:\/\/api.w.org\/{rel}","templated":true}]}}