{"id":2828,"date":"2023-03-28T22:52:45","date_gmt":"2023-03-28T20:52:45","guid":{"rendered":"https:\/\/france-empires.com\/?post_type=product&#038;p=2828"},"modified":"2023-08-15T14:05:50","modified_gmt":"2023-08-15T12:05:50","slug":"harnais-sacs-et-toile-de-parachute-rz20-fallschirmjager","status":"publish","type":"product","link":"https:\/\/france-empires.com\/index.php\/produit\/harnais-sacs-et-toile-de-parachute-rz20-fallschirmjager\/","title":{"rendered":"Harnais, sacs et toile de parachute RZ20, Fallschirmj\u00e4ger ."},"content":{"rendered":"<p>Beau et rare ensemble de para allemand comprenant:<\/p>\n<p>-Harnais complet et fonctionnel,<\/p>\n<p>-Sac voilure idem<\/p>\n<p>-Voilure camoufl\u00e9e incompl\u00e8te et coup\u00e9e. Elle remplit le sac.<\/p>\n<p>-SOA<\/p>\n<p>-Sac de transport.<\/p>\n<p>Le tout avec marquages pr\u00e9sents, bien dat\u00e9.<\/p>\n<p>Superbe ensemble !<\/p>\n<p>La blouse et le buste ne font pas partie de la vente, mais peuvent \u00eatre ajoutes. Nous contacter.<\/p>\n<p>&nbsp;<\/p>\n<p>D\u00e9p\u00f4t de particulier<\/p>\n","protected":false},"excerpt":{"rendered":"<p>Beau et rare ensemble de para allemand comprenant: -Harnais complet et fonctionnel, -Sac voilure idem -Voilure camoufl\u00e9e incompl\u00e8te et coup\u00e9e. Elle remplit le sac. -SOA -Sac de transport. Le tout avec marquages pr\u00e9sents, bien dat\u00e9. Superbe ensemble ! La blouse et le buste ne font pas partie de la vente, mais&hellip;<\/p>\n","protected":false},"featured_media":2840,"template":"","meta":[],"product_brand":[],"product_cat":[53,25,51],"product_tag":[],"class_list":{"0":"post-2828","1":"product","2":"type-product","3":"status-publish","4":"has-post-thumbnail","6":"product_cat-autres-equipements-individuels-et-collectifs","7":"product_cat-equipements","8":"product_cat-equipements-du-soldat-pour-le-combat-ceinturons-cartouchieres-sac-a-dos-etc","9":"pa_statut-vendu","11":"first","12":"outofstock","13":"product-type-simple"},"_links":{"self":[{"href":"https:\/\/france-empires.com\/index.php\/wp-json\/wp\/v2\/product\/2828","targetHints":{"allow":["GET"]}}],"collection":[{"href":"https:\/\/france-empires.com\/index.php\/wp-json\/wp\/v2\/product"}],"about":[{"href":"https:\/\/france-empires.com\/index.php\/wp-json\/wp\/v2\/types\/product"}],"wp:featuredmedia":[{"embeddable":true,"href":"https:\/\/france-empires.com\/index.php\/wp-json\/wp\/v2\/media\/2840"}],"wp:attachment":[{"href":"https:\/\/france-empires.com\/index.php\/wp-json\/wp\/v2\/media?parent=2828"}],"wp:term":[{"taxonomy":"product_brand","embeddable":true,"href":"https:\/\/france-empires.com\/index.php\/wp-json\/wp\/v2\/product_brand?post=2828"},{"taxonomy":"product_cat","embeddable":true,"href":"https:\/\/france-empires.com\/index.php\/wp-json\/wp\/v2\/product_cat?post=2828"},{"taxonomy":"product_tag","embeddable":true,"href":"https:\/\/france-empires.com\/index.php\/wp-json\/wp\/v2\/product_tag?post=2828"}],"curies":[{"name":"wp","href":"https:\/\/api.w.org\/{rel}","templated":true}]}}