{"id":2950,"date":"2023-03-28T23:43:23","date_gmt":"2023-03-28T21:43:23","guid":{"rendered":"https:\/\/france-empires.com\/?post_type=product&#038;p=2950"},"modified":"2023-05-03T17:00:21","modified_gmt":"2023-05-03T15:00:21","slug":"mousqueton-a-silex","status":"publish","type":"product","link":"https:\/\/france-empires.com\/index.php\/produit\/mousqueton-a-silex\/","title":{"rendered":"Mousqueton a silex"},"content":{"rendered":"<p>Mousqueton a silex<\/p>\n<p>Arme fonctionnelle en TBE, m\u00e9canisme OK.<\/p>\n<p>Divers poin\u00e7ons et num\u00e9ros sur les parties m\u00e9talliques.<\/p>\n<p>Crosse marqu\u00e9e PLD (Pour la loi et le Droit)<\/p>\n<p>A \u00e9t\u00e9 rebronz\u00e9e<\/p>\n<p>Belle arme qui peut facilement \u00eatre am\u00e9lior\u00e9e.<\/p>\n<p>&nbsp;<\/p>\n<p>D\u00e9p\u00f4t de particulier.<\/p>\n","protected":false},"excerpt":{"rendered":"<p>Mousqueton a silex Arme fonctionnelle en TBE, m\u00e9canisme OK. Divers poin\u00e7ons et num\u00e9ros sur les parties m\u00e9talliques. Crosse marqu\u00e9e PLD (Pour la loi et le Droit) A \u00e9t\u00e9 rebronz\u00e9e Belle arme qui peut facilement \u00eatre am\u00e9lior\u00e9e. &nbsp; D\u00e9p\u00f4t de particulier.<\/p>\n","protected":false},"featured_media":2973,"template":"","meta":[],"product_brand":[],"product_cat":[76,85],"product_tag":[],"class_list":{"0":"post-2950","1":"product","2":"type-product","3":"status-publish","4":"has-post-thumbnail","6":"product_cat-armes-anciennes","7":"product_cat-armes-depaule","8":"pa_statut-vendu","10":"first","11":"outofstock","12":"product-type-simple"},"_links":{"self":[{"href":"https:\/\/france-empires.com\/index.php\/wp-json\/wp\/v2\/product\/2950","targetHints":{"allow":["GET"]}}],"collection":[{"href":"https:\/\/france-empires.com\/index.php\/wp-json\/wp\/v2\/product"}],"about":[{"href":"https:\/\/france-empires.com\/index.php\/wp-json\/wp\/v2\/types\/product"}],"wp:featuredmedia":[{"embeddable":true,"href":"https:\/\/france-empires.com\/index.php\/wp-json\/wp\/v2\/media\/2973"}],"wp:attachment":[{"href":"https:\/\/france-empires.com\/index.php\/wp-json\/wp\/v2\/media?parent=2950"}],"wp:term":[{"taxonomy":"product_brand","embeddable":true,"href":"https:\/\/france-empires.com\/index.php\/wp-json\/wp\/v2\/product_brand?post=2950"},{"taxonomy":"product_cat","embeddable":true,"href":"https:\/\/france-empires.com\/index.php\/wp-json\/wp\/v2\/product_cat?post=2950"},{"taxonomy":"product_tag","embeddable":true,"href":"https:\/\/france-empires.com\/index.php\/wp-json\/wp\/v2\/product_tag?post=2950"}],"curies":[{"name":"wp","href":"https:\/\/api.w.org\/{rel}","templated":true}]}}