{"id":3099,"date":"2023-04-16T19:00:35","date_gmt":"2023-04-16T17:00:35","guid":{"rendered":"https:\/\/france-empires.com\/?post_type=product&#038;p=3099"},"modified":"2024-02-19T22:16:00","modified_gmt":"2024-02-19T21:16:00","slug":"mouchoir-dinstruction-numero-8","status":"publish","type":"product","link":"https:\/\/france-empires.com\/index.php\/produit\/mouchoir-dinstruction-numero-8\/","title":{"rendered":"Mouchoir d&rsquo;instruction num\u00e9ro 8"},"content":{"rendered":"<p>Mouchoir d&rsquo;instruction militaire No 8, Buquet, Nantes, fin du XIXe si\u00e8cle, placements des effets pour les revues de d\u00e9tail dans les chambres. D&rsquo;apr\u00e8s les derni\u00e8res instructions minist\u00e9rielles de 1884. Impression sur coton en rouge et noir, 68,5 x 77 cm<\/p>\n<p>L\u00e9g\u00e8rement trou\u00e9 sur le centre voir photos, sinon BE-TBE.<\/p>\n<p>\u00a0\u00bb<\/p>\n<div class=\"soustitre\">\n<h3>Mouchoir d&rsquo;instruction n\u00b08<\/h3>\n<\/div>\n<p><b>La \u00ab revue de d\u00e9tail \u00bb constitue un \u00e9pisode embl\u00e9matique de l\u2019instruction militaire \u00e0 partir de la fin du XIXe si\u00e8cle.<\/b><br \/>\nIl s\u2019agit pour le \u00ab bleu \u00bb d\u2019apprendre \u00e0 disposer les \u00e9l\u00e9ments de son paquetage de mani\u00e8re r\u00e8glementaire, afin d\u2019en faire constater le bon entretien. L\u2019enjeu est surtout d\u2019obtenir d\u2019individus venus d\u2019horizons tr\u00e8s divers qu\u2019ils se plient \u00e0 des pratiques uniformes. Ces revues r\u00e9guli\u00e8res sont redout\u00e9es car elles sont source d\u2019innombrables punitions pour ceux qui, distraits ou pris par le temps, n\u00e9gligeaient certains d\u00e9tails. Elles constituent aussi l\u2019occasion pour les anciens de monnayer leur aide et leurs conseils aupr\u00e8s des jeunes recrues, et sont en cela repr\u00e9sentatives de la tradition orale de l\u2019instruction militaire.\u00a0\u00bb<\/p>\n","protected":false},"excerpt":{"rendered":"<p>Mouchoir d&rsquo;instruction militaire No 8, Buquet, Nantes, fin du XIXe si\u00e8cle, placements des effets pour les revues de d\u00e9tail dans les chambres. D&rsquo;apr\u00e8s les derni\u00e8res instructions minist\u00e9rielles de 1884. Impression sur coton en rouge et noir, 68,5 x 77 cm L\u00e9g\u00e8rement trou\u00e9 sur le centre voir photos, sinon BE-TBE. \u00a0\u00bb Mouchoir&hellip;<\/p>\n","protected":false},"featured_media":3101,"template":"","meta":[],"product_brand":[],"product_cat":[50,53,25,24],"product_tag":[],"class_list":{"0":"post-3099","1":"product","2":"type-product","3":"status-publish","4":"has-post-thumbnail","6":"product_cat-autres-accessoires-et-pieces-detachees-duniformes","7":"product_cat-autres-equipements-individuels-et-collectifs","8":"product_cat-equipements","9":"product_cat-uniformes-et-coiffures","10":"pa_statut-vendu","12":"first","13":"outofstock","14":"product-type-simple"},"_links":{"self":[{"href":"https:\/\/france-empires.com\/index.php\/wp-json\/wp\/v2\/product\/3099","targetHints":{"allow":["GET"]}}],"collection":[{"href":"https:\/\/france-empires.com\/index.php\/wp-json\/wp\/v2\/product"}],"about":[{"href":"https:\/\/france-empires.com\/index.php\/wp-json\/wp\/v2\/types\/product"}],"wp:featuredmedia":[{"embeddable":true,"href":"https:\/\/france-empires.com\/index.php\/wp-json\/wp\/v2\/media\/3101"}],"wp:attachment":[{"href":"https:\/\/france-empires.com\/index.php\/wp-json\/wp\/v2\/media?parent=3099"}],"wp:term":[{"taxonomy":"product_brand","embeddable":true,"href":"https:\/\/france-empires.com\/index.php\/wp-json\/wp\/v2\/product_brand?post=3099"},{"taxonomy":"product_cat","embeddable":true,"href":"https:\/\/france-empires.com\/index.php\/wp-json\/wp\/v2\/product_cat?post=3099"},{"taxonomy":"product_tag","embeddable":true,"href":"https:\/\/france-empires.com\/index.php\/wp-json\/wp\/v2\/product_tag?post=3099"}],"curies":[{"name":"wp","href":"https:\/\/api.w.org\/{rel}","templated":true}]}}