{"id":3287,"date":"2023-05-07T19:00:45","date_gmt":"2023-05-07T17:00:45","guid":{"rendered":"https:\/\/france-empires.com\/?post_type=product&#038;p=3287"},"modified":"2025-04-28T23:26:02","modified_gmt":"2025-04-28T21:26:02","slug":"shako-troupe-de-cavalerie-monarchie-de-juillet","status":"publish","type":"product","link":"https:\/\/france-empires.com\/index.php\/produit\/shako-troupe-de-cavalerie-monarchie-de-juillet\/","title":{"rendered":"Shako troupe de chasseur a cheval, mod\u00e8le 1822"},"content":{"rendered":"<p>Fut en carton recouvert de drap noir, hauteur 27cm;<\/p>\n<p>Calotte en cuir, galon de laine blanche de 20 mm de large. Ganse en tresse de laine blanche avec un bouton demi-grelot, cocarde\u00a0 tricolore de 7cm de diam\u00e8tre.<br \/>\nCouvre-nuque en cuir cir\u00e9.<br \/>\n\u00c0 l&rsquo;arri\u00e8re un petit bouton d&rsquo;uniforme maintient une ganse en laine blanche.<br \/>\nCordonnet blanc entre le fut et la visi\u00e8re.<br \/>\nCoiffe int\u00e9rieure en cuir en dents de loup, jugulaire interne en cuir (incompl\u00e8te)<\/p>\n<p>Crin tricolore retombant avec une large olive rouge a la base.<\/p>\n<p>Etiquette de fabricant un fond du fut, \u00ab\u00a0TURRIN\u00a0\u00bb a Strasbourg. Etiquette de collectionneur indiquant qu&rsquo;il s&rsquo;agit d&rsquo;un shako de la Garde Nationale. Il s&rsquo;agit de notre point de vue d&rsquo;un shako mod\u00e8le 1822 de Chasseur a Cheval, la cocarde blanche ayant certainement \u00e9t\u00e9 remplac\u00e9e par une tricolore en 1830.<\/p>\n<p>Tr\u00e8s bon \u00e9tat. Coiffure rare et de grande qualit\u00e9.<\/p>\n<p>Restauration \/ Monarchie de Juillet.<\/p>\n","protected":false},"excerpt":{"rendered":"<p>Fut en carton recouvert de drap noir, hauteur 27cm; Calotte en cuir, galon de laine blanche de 20 mm de large. Ganse en tresse de laine blanche avec un bouton demi-grelot, cocarde\u00a0 tricolore de 7cm de diam\u00e8tre. Couvre-nuque en cuir cir\u00e9. \u00c0 l&rsquo;arri\u00e8re un petit bouton d&rsquo;uniforme maintient une ganse en&hellip;<\/p>\n","protected":false},"featured_media":3295,"template":"","meta":[],"product_brand":[],"product_cat":[45,24],"product_tag":[],"class_list":{"0":"post-3287","1":"product","2":"type-product","3":"status-publish","4":"has-post-thumbnail","6":"product_cat-coiffures-casques-kepis-shakos-etc","7":"product_cat-uniformes-et-coiffures","8":"pa_statut-disponible","10":"first","11":"instock","12":"purchasable","13":"product-type-simple"},"_links":{"self":[{"href":"https:\/\/france-empires.com\/index.php\/wp-json\/wp\/v2\/product\/3287","targetHints":{"allow":["GET"]}}],"collection":[{"href":"https:\/\/france-empires.com\/index.php\/wp-json\/wp\/v2\/product"}],"about":[{"href":"https:\/\/france-empires.com\/index.php\/wp-json\/wp\/v2\/types\/product"}],"wp:featuredmedia":[{"embeddable":true,"href":"https:\/\/france-empires.com\/index.php\/wp-json\/wp\/v2\/media\/3295"}],"wp:attachment":[{"href":"https:\/\/france-empires.com\/index.php\/wp-json\/wp\/v2\/media?parent=3287"}],"wp:term":[{"taxonomy":"product_brand","embeddable":true,"href":"https:\/\/france-empires.com\/index.php\/wp-json\/wp\/v2\/product_brand?post=3287"},{"taxonomy":"product_cat","embeddable":true,"href":"https:\/\/france-empires.com\/index.php\/wp-json\/wp\/v2\/product_cat?post=3287"},{"taxonomy":"product_tag","embeddable":true,"href":"https:\/\/france-empires.com\/index.php\/wp-json\/wp\/v2\/product_tag?post=3287"}],"curies":[{"name":"wp","href":"https:\/\/api.w.org\/{rel}","templated":true}]}}