{"id":3361,"date":"2023-05-07T19:00:55","date_gmt":"2023-05-07T17:00:55","guid":{"rendered":"https:\/\/france-empires.com\/?post_type=product&#038;p=3361"},"modified":"2023-12-01T22:45:08","modified_gmt":"2023-12-01T21:45:08","slug":"sahko-dofficier-de-la-garde-nationale","status":"publish","type":"product","link":"https:\/\/france-empires.com\/index.php\/produit\/sahko-dofficier-de-la-garde-nationale\/","title":{"rendered":"Shako d&rsquo;officier de la Garde Nationale"},"content":{"rendered":"<p>Shako en feutre taup\u00e9, galon argent d&rsquo;officier, \u00e9poque Monarchie de Juillet.<\/p>\n<p>Plaque, jugulaires, pompon (cocarde absente).<\/p>\n<p>Le passant pour ins\u00e9rer le pompon est abim\u00e9, et doit \u00eatre restaur\u00e9, la plaque a de l\u00e9gers manques et pliures.<\/p>\n<p>Le reste du shako est sinon en TBE.<\/p>\n<p>&nbsp;<\/p>\n","protected":false},"excerpt":{"rendered":"<p>Shako en feutre taup\u00e9, galon argent d&rsquo;officier, \u00e9poque Monarchie de Juillet. Plaque, jugulaires, pompon (cocarde absente). Le passant pour ins\u00e9rer le pompon est abim\u00e9, et doit \u00eatre restaur\u00e9, la plaque a de l\u00e9gers manques et pliures. Le reste du shako est sinon en TBE. &nbsp;<\/p>\n","protected":false},"featured_media":3362,"template":"","meta":[],"product_brand":[],"product_cat":[45,24],"product_tag":[],"class_list":{"0":"post-3361","1":"product","2":"type-product","3":"status-publish","4":"has-post-thumbnail","6":"product_cat-coiffures-casques-kepis-shakos-etc","7":"product_cat-uniformes-et-coiffures","8":"pa_statut-disponible","10":"first","11":"outofstock","12":"purchasable","13":"product-type-simple"},"_links":{"self":[{"href":"https:\/\/france-empires.com\/index.php\/wp-json\/wp\/v2\/product\/3361","targetHints":{"allow":["GET"]}}],"collection":[{"href":"https:\/\/france-empires.com\/index.php\/wp-json\/wp\/v2\/product"}],"about":[{"href":"https:\/\/france-empires.com\/index.php\/wp-json\/wp\/v2\/types\/product"}],"wp:featuredmedia":[{"embeddable":true,"href":"https:\/\/france-empires.com\/index.php\/wp-json\/wp\/v2\/media\/3362"}],"wp:attachment":[{"href":"https:\/\/france-empires.com\/index.php\/wp-json\/wp\/v2\/media?parent=3361"}],"wp:term":[{"taxonomy":"product_brand","embeddable":true,"href":"https:\/\/france-empires.com\/index.php\/wp-json\/wp\/v2\/product_brand?post=3361"},{"taxonomy":"product_cat","embeddable":true,"href":"https:\/\/france-empires.com\/index.php\/wp-json\/wp\/v2\/product_cat?post=3361"},{"taxonomy":"product_tag","embeddable":true,"href":"https:\/\/france-empires.com\/index.php\/wp-json\/wp\/v2\/product_tag?post=3361"}],"curies":[{"name":"wp","href":"https:\/\/api.w.org\/{rel}","templated":true}]}}