{"id":3436,"date":"2023-05-07T19:00:08","date_gmt":"2023-05-07T17:00:08","guid":{"rendered":"https:\/\/france-empires.com\/?post_type=product&#038;p=3436"},"modified":"2026-03-09T19:14:31","modified_gmt":"2026-03-09T18:14:31","slug":"medaille-de-saint-georges-pour-la-bravoure-1ere-classe-russie-imperiale","status":"publish","type":"product","link":"https:\/\/france-empires.com\/index.php\/produit\/medaille-de-saint-georges-pour-la-bravoure-1ere-classe-russie-imperiale\/","title":{"rendered":"M\u00e9daille de Saint-Georges pour la bravoure, 1ere Classe, Russie Imp\u00e9riale"},"content":{"rendered":"<p>Rare m\u00e9daille de premi\u00e8re classe, attribu\u00e9e a un officier Fran\u00e7ais.<\/p>\n<p>Bon ruban, montage russe<\/p>\n","protected":false},"excerpt":{"rendered":"<p>Rare m\u00e9daille de premi\u00e8re classe, attribu\u00e9e a un officier Fran\u00e7ais. Bon ruban, montage russe<\/p>\n","protected":false},"featured_media":3440,"template":"","meta":[],"product_brand":[],"product_cat":[23,42],"product_tag":[],"class_list":{"0":"post-3436","1":"product","2":"type-product","3":"status-publish","4":"has-post-thumbnail","6":"product_cat-medailles-et-decorations","7":"product_cat-militaires","8":"pa_statut-disponible","10":"first","11":"outofstock","12":"product-type-simple"},"_links":{"self":[{"href":"https:\/\/france-empires.com\/index.php\/wp-json\/wp\/v2\/product\/3436","targetHints":{"allow":["GET"]}}],"collection":[{"href":"https:\/\/france-empires.com\/index.php\/wp-json\/wp\/v2\/product"}],"about":[{"href":"https:\/\/france-empires.com\/index.php\/wp-json\/wp\/v2\/types\/product"}],"wp:featuredmedia":[{"embeddable":true,"href":"https:\/\/france-empires.com\/index.php\/wp-json\/wp\/v2\/media\/3440"}],"wp:attachment":[{"href":"https:\/\/france-empires.com\/index.php\/wp-json\/wp\/v2\/media?parent=3436"}],"wp:term":[{"taxonomy":"product_brand","embeddable":true,"href":"https:\/\/france-empires.com\/index.php\/wp-json\/wp\/v2\/product_brand?post=3436"},{"taxonomy":"product_cat","embeddable":true,"href":"https:\/\/france-empires.com\/index.php\/wp-json\/wp\/v2\/product_cat?post=3436"},{"taxonomy":"product_tag","embeddable":true,"href":"https:\/\/france-empires.com\/index.php\/wp-json\/wp\/v2\/product_tag?post=3436"}],"curies":[{"name":"wp","href":"https:\/\/api.w.org\/{rel}","templated":true}]}}