{"id":4456,"date":"2023-06-09T19:00:21","date_gmt":"2023-06-09T17:00:21","guid":{"rendered":"https:\/\/france-empires.com\/?post_type=product&#038;p=4456"},"modified":"2023-12-23T11:56:59","modified_gmt":"2023-12-23T10:56:59","slug":"norvege-ordre-de-saint-olaf-croix-dofficier-du-premier-type","status":"publish","type":"product","link":"https:\/\/france-empires.com\/index.php\/produit\/norvege-ordre-de-saint-olaf-croix-dofficier-du-premier-type\/","title":{"rendered":"Norv\u00e8ge &#8211; Ordre de Saint-Olaf, croix d&rsquo;officier du premier type"},"content":{"rendered":"<p>Norv\u00e8ge &#8211; Ordre de Saint-Olaf, fond\u00e9 en 1847, croix d&rsquo;officier, ruban a rosette<\/p>\n<p>P\u00e9riode Second Empire \/ d\u00e9but Troisi\u00e8me R\u00e9publique. TTB \u00e0 SUP.<\/p>\n<p>Tr\u00e8s rare !<\/p>\n","protected":false},"excerpt":{"rendered":"<p>Norv\u00e8ge &#8211; Ordre de Saint-Olaf, fond\u00e9 en 1847, croix d&rsquo;officier, ruban a rosette P\u00e9riode Second Empire \/ d\u00e9but Troisi\u00e8me R\u00e9publique. TTB \u00e0 SUP. Tr\u00e8s rare !<\/p>\n","protected":false},"featured_media":4449,"template":"","meta":[],"product_brand":[],"product_cat":[41,23,42],"product_tag":[],"class_list":{"0":"post-4456","1":"product","2":"type-product","3":"status-publish","4":"has-post-thumbnail","6":"product_cat-civiles","7":"product_cat-medailles-et-decorations","8":"product_cat-militaires","9":"pa_statut-vendu","11":"first","12":"outofstock","13":"product-type-simple"},"_links":{"self":[{"href":"https:\/\/france-empires.com\/index.php\/wp-json\/wp\/v2\/product\/4456","targetHints":{"allow":["GET"]}}],"collection":[{"href":"https:\/\/france-empires.com\/index.php\/wp-json\/wp\/v2\/product"}],"about":[{"href":"https:\/\/france-empires.com\/index.php\/wp-json\/wp\/v2\/types\/product"}],"wp:featuredmedia":[{"embeddable":true,"href":"https:\/\/france-empires.com\/index.php\/wp-json\/wp\/v2\/media\/4449"}],"wp:attachment":[{"href":"https:\/\/france-empires.com\/index.php\/wp-json\/wp\/v2\/media?parent=4456"}],"wp:term":[{"taxonomy":"product_brand","embeddable":true,"href":"https:\/\/france-empires.com\/index.php\/wp-json\/wp\/v2\/product_brand?post=4456"},{"taxonomy":"product_cat","embeddable":true,"href":"https:\/\/france-empires.com\/index.php\/wp-json\/wp\/v2\/product_cat?post=4456"},{"taxonomy":"product_tag","embeddable":true,"href":"https:\/\/france-empires.com\/index.php\/wp-json\/wp\/v2\/product_tag?post=4456"}],"curies":[{"name":"wp","href":"https:\/\/api.w.org\/{rel}","templated":true}]}}