{"id":4789,"date":"2023-12-03T19:00:35","date_gmt":"2023-12-03T18:00:35","guid":{"rendered":"https:\/\/france-empires.com\/?post_type=product&#038;p=4789"},"modified":"2024-01-30T17:29:05","modified_gmt":"2024-01-30T16:29:05","slug":"khaki-set-rasoir-us-ww1-ww2-rasoir","status":"publish","type":"product","link":"https:\/\/france-empires.com\/index.php\/produit\/khaki-set-rasoir-us-ww1-ww2-rasoir\/","title":{"rendered":"\u00ab\u00a0Khaki Set\u00a0\u00bb rasoir US ww1 \/ ww2 Rasoir"},"content":{"rendered":"<p>Rasoir dans son \u00e9tui , en bon \u00e9tat de conservation .<br \/>\nLames dans boite m\u00e9tal<br \/>\nUn bouton pression abim\u00e9e ainsi qu&rsquo;un passant de toile<br \/>\nPi\u00e8ce de terrain.<\/p>\n","protected":false},"excerpt":{"rendered":"<p>Rasoir dans son \u00e9tui , en bon \u00e9tat de conservation . Lames dans boite m\u00e9tal Un bouton pression abim\u00e9e ainsi qu&rsquo;un passant de toile Pi\u00e8ce de terrain.<\/p>\n","protected":false},"featured_media":4781,"template":"","meta":[],"product_brand":[],"product_cat":[25,52],"product_tag":[],"class_list":{"0":"post-4789","1":"product","2":"type-product","3":"status-publish","4":"has-post-thumbnail","6":"product_cat-equipements","7":"product_cat-petit-equipement-tabac-toilette-etc","8":"pa_statut-disponible","10":"first","11":"outofstock","12":"product-type-simple"},"_links":{"self":[{"href":"https:\/\/france-empires.com\/index.php\/wp-json\/wp\/v2\/product\/4789","targetHints":{"allow":["GET"]}}],"collection":[{"href":"https:\/\/france-empires.com\/index.php\/wp-json\/wp\/v2\/product"}],"about":[{"href":"https:\/\/france-empires.com\/index.php\/wp-json\/wp\/v2\/types\/product"}],"wp:featuredmedia":[{"embeddable":true,"href":"https:\/\/france-empires.com\/index.php\/wp-json\/wp\/v2\/media\/4781"}],"wp:attachment":[{"href":"https:\/\/france-empires.com\/index.php\/wp-json\/wp\/v2\/media?parent=4789"}],"wp:term":[{"taxonomy":"product_brand","embeddable":true,"href":"https:\/\/france-empires.com\/index.php\/wp-json\/wp\/v2\/product_brand?post=4789"},{"taxonomy":"product_cat","embeddable":true,"href":"https:\/\/france-empires.com\/index.php\/wp-json\/wp\/v2\/product_cat?post=4789"},{"taxonomy":"product_tag","embeddable":true,"href":"https:\/\/france-empires.com\/index.php\/wp-json\/wp\/v2\/product_tag?post=4789"}],"curies":[{"name":"wp","href":"https:\/\/api.w.org\/{rel}","templated":true}]}}