{"id":4791,"date":"2023-12-03T19:00:50","date_gmt":"2023-12-03T18:00:50","guid":{"rendered":"https:\/\/france-empires.com\/?post_type=product&#038;p=4791"},"modified":"2024-05-16T22:34:51","modified_gmt":"2024-05-16T20:34:51","slug":"medaille-de-la-campagne-ditalie-2nd-empire","status":"publish","type":"product","link":"https:\/\/france-empires.com\/index.php\/produit\/medaille-de-la-campagne-ditalie-2nd-empire\/","title":{"rendered":"Medaille de la campagne d&rsquo;Italie, 2nd Empire"},"content":{"rendered":"<p>Ruban un peu abim\u00e9 d&rsquo;\u00e9poque<br \/>\nBon module par Barre<br \/>\nNon attribu\u00e9e<\/p>\n","protected":false},"excerpt":{"rendered":"<p>Ruban un peu abim\u00e9 d&rsquo;\u00e9poque Bon module par Barre Non attribu\u00e9e<\/p>\n","protected":false},"featured_media":4792,"template":"","meta":[],"product_brand":[],"product_cat":[23,42],"product_tag":[],"class_list":{"0":"post-4791","1":"product","2":"type-product","3":"status-publish","4":"has-post-thumbnail","6":"product_cat-medailles-et-decorations","7":"product_cat-militaires","8":"pa_statut-vendu","10":"first","11":"outofstock","12":"taxable","13":"shipping-taxable","14":"product-type-simple"},"_links":{"self":[{"href":"https:\/\/france-empires.com\/index.php\/wp-json\/wp\/v2\/product\/4791","targetHints":{"allow":["GET"]}}],"collection":[{"href":"https:\/\/france-empires.com\/index.php\/wp-json\/wp\/v2\/product"}],"about":[{"href":"https:\/\/france-empires.com\/index.php\/wp-json\/wp\/v2\/types\/product"}],"wp:featuredmedia":[{"embeddable":true,"href":"https:\/\/france-empires.com\/index.php\/wp-json\/wp\/v2\/media\/4792"}],"wp:attachment":[{"href":"https:\/\/france-empires.com\/index.php\/wp-json\/wp\/v2\/media?parent=4791"}],"wp:term":[{"taxonomy":"product_brand","embeddable":true,"href":"https:\/\/france-empires.com\/index.php\/wp-json\/wp\/v2\/product_brand?post=4791"},{"taxonomy":"product_cat","embeddable":true,"href":"https:\/\/france-empires.com\/index.php\/wp-json\/wp\/v2\/product_cat?post=4791"},{"taxonomy":"product_tag","embeddable":true,"href":"https:\/\/france-empires.com\/index.php\/wp-json\/wp\/v2\/product_tag?post=4791"}],"curies":[{"name":"wp","href":"https:\/\/api.w.org\/{rel}","templated":true}]}}