{"id":4880,"date":"2023-12-10T19:00:12","date_gmt":"2023-12-10T18:00:12","guid":{"rendered":"https:\/\/france-empires.com\/?post_type=product&#038;p=4880"},"modified":"2024-04-30T15:04:39","modified_gmt":"2024-04-30T13:04:39","slug":"bonnet-de-police-de-grenadier-ou-dartilleur-vers-1850","status":"publish","type":"product","link":"https:\/\/france-empires.com\/index.php\/produit\/bonnet-de-police-de-grenadier-ou-dartilleur-vers-1850\/","title":{"rendered":"Bonnet de police de grenadier ou d&rsquo;artilleur vers 1850"},"content":{"rendered":"<p>Drap bleu tr\u00e8s fonc\u00e9 \/ noir<br \/>\nPassepoils et grenade rouges.<br \/>\nBasane int\u00e9rieur cuir<br \/>\nBel \u00e9tat, doit \u00eatre nettoy\u00e9, pompon absent<\/p>\n<p>Epoque vers 1850-1860<\/p>\n","protected":false},"excerpt":{"rendered":"<p>Drap bleu tr\u00e8s fonc\u00e9 \/ noir Passepoils et grenade rouges. Basane int\u00e9rieur cuir Bel \u00e9tat, doit \u00eatre nettoy\u00e9, pompon absent Epoque vers 1850-1860<\/p>\n","protected":false},"featured_media":4881,"template":"","meta":[],"product_brand":[],"product_cat":[45,24],"product_tag":[],"class_list":{"0":"post-4880","1":"product","2":"type-product","3":"status-publish","4":"has-post-thumbnail","6":"product_cat-coiffures-casques-kepis-shakos-etc","7":"product_cat-uniformes-et-coiffures","8":"pa_statut-vendu","10":"first","11":"outofstock","12":"product-type-simple"},"_links":{"self":[{"href":"https:\/\/france-empires.com\/index.php\/wp-json\/wp\/v2\/product\/4880","targetHints":{"allow":["GET"]}}],"collection":[{"href":"https:\/\/france-empires.com\/index.php\/wp-json\/wp\/v2\/product"}],"about":[{"href":"https:\/\/france-empires.com\/index.php\/wp-json\/wp\/v2\/types\/product"}],"wp:featuredmedia":[{"embeddable":true,"href":"https:\/\/france-empires.com\/index.php\/wp-json\/wp\/v2\/media\/4881"}],"wp:attachment":[{"href":"https:\/\/france-empires.com\/index.php\/wp-json\/wp\/v2\/media?parent=4880"}],"wp:term":[{"taxonomy":"product_brand","embeddable":true,"href":"https:\/\/france-empires.com\/index.php\/wp-json\/wp\/v2\/product_brand?post=4880"},{"taxonomy":"product_cat","embeddable":true,"href":"https:\/\/france-empires.com\/index.php\/wp-json\/wp\/v2\/product_cat?post=4880"},{"taxonomy":"product_tag","embeddable":true,"href":"https:\/\/france-empires.com\/index.php\/wp-json\/wp\/v2\/product_tag?post=4880"}],"curies":[{"name":"wp","href":"https:\/\/api.w.org\/{rel}","templated":true}]}}