{"id":4887,"date":"2023-12-10T10:00:20","date_gmt":"2023-12-10T09:00:20","guid":{"rendered":"https:\/\/france-empires.com\/?post_type=product&#038;p=4887"},"modified":"2023-12-08T22:08:39","modified_gmt":"2023-12-08T21:08:39","slug":"rare-cartouchiere-de-gendarmerie-dafrique-corse-spahi-1892","status":"publish","type":"product","link":"https:\/\/france-empires.com\/index.php\/produit\/rare-cartouchiere-de-gendarmerie-dafrique-corse-spahi-1892\/","title":{"rendered":"Rare cartouchi\u00e8re de Gendarmerie d&rsquo;Afrique \/ Corse \/ Spahi 1892"},"content":{"rendered":"<p>Cette rare giberne est en parfait \u00e9tat, sauf le petit n\u0153ud de fixation de la patelette qui est d\u00e9tach\u00e9 (mais pr\u00e9sent)<br \/>\nCuir quadrill\u00e9 rouge<br \/>\norn\u00e9e d&rsquo;une grenade, ce qui pourrait attribuer cette giberne du mod\u00e8le des spahis, a la Gendarmerie Corse ou d&rsquo;Afrique, voire les spahis s\u00e9n\u00e9galais<br \/>\nMarquages int\u00e9rieurs difficilement lisibles<\/p>\n","protected":false},"excerpt":{"rendered":"<p>Cette rare giberne est en parfait \u00e9tat, sauf le petit n\u0153ud de fixation de la patelette qui est d\u00e9tach\u00e9 (mais pr\u00e9sent) Cuir quadrill\u00e9 rouge orn\u00e9e d&rsquo;une grenade, ce qui pourrait attribuer cette giberne du mod\u00e8le des spahis, a la Gendarmerie Corse ou d&rsquo;Afrique, voire les spahis s\u00e9n\u00e9galais Marquages int\u00e9rieurs difficilement lisibles<\/p>\n","protected":false},"featured_media":4888,"template":"","meta":[],"product_brand":[],"product_cat":[25,51],"product_tag":[],"class_list":{"0":"post-4887","1":"product","2":"type-product","3":"status-publish","4":"has-post-thumbnail","6":"product_cat-equipements","7":"product_cat-equipements-du-soldat-pour-le-combat-ceinturons-cartouchieres-sac-a-dos-etc","8":"pa_statut-disponible","10":"first","11":"instock","12":"purchasable","13":"product-type-simple"},"_links":{"self":[{"href":"https:\/\/france-empires.com\/index.php\/wp-json\/wp\/v2\/product\/4887","targetHints":{"allow":["GET"]}}],"collection":[{"href":"https:\/\/france-empires.com\/index.php\/wp-json\/wp\/v2\/product"}],"about":[{"href":"https:\/\/france-empires.com\/index.php\/wp-json\/wp\/v2\/types\/product"}],"wp:featuredmedia":[{"embeddable":true,"href":"https:\/\/france-empires.com\/index.php\/wp-json\/wp\/v2\/media\/4888"}],"wp:attachment":[{"href":"https:\/\/france-empires.com\/index.php\/wp-json\/wp\/v2\/media?parent=4887"}],"wp:term":[{"taxonomy":"product_brand","embeddable":true,"href":"https:\/\/france-empires.com\/index.php\/wp-json\/wp\/v2\/product_brand?post=4887"},{"taxonomy":"product_cat","embeddable":true,"href":"https:\/\/france-empires.com\/index.php\/wp-json\/wp\/v2\/product_cat?post=4887"},{"taxonomy":"product_tag","embeddable":true,"href":"https:\/\/france-empires.com\/index.php\/wp-json\/wp\/v2\/product_tag?post=4887"}],"curies":[{"name":"wp","href":"https:\/\/api.w.org\/{rel}","templated":true}]}}