{"id":4934,"date":"2023-12-10T19:00:14","date_gmt":"2023-12-10T18:00:14","guid":{"rendered":"https:\/\/france-empires.com\/?post_type=product&#038;p=4934"},"modified":"2023-12-08T22:37:05","modified_gmt":"2023-12-08T21:37:05","slug":"banderole-de-giberne-de-grande-tenue-dofficier-des-lanciers","status":"publish","type":"product","link":"https:\/\/france-empires.com\/index.php\/produit\/banderole-de-giberne-de-grande-tenue-dofficier-des-lanciers\/","title":{"rendered":"Banderole de giberne de grande tenue d&rsquo;officier des Lanciers"},"content":{"rendered":"<p>Banderole en cuir gain\u00e9e de cuir rouge recouverte d&rsquo;un galon d&rsquo;argent \u00e0 trois liser\u00e9s, garnitures en laiton dor\u00e9, avec t\u00eate de lion et \u00e9cu \u00e0 l&rsquo;aigle imp\u00e9riale.<br \/>\nTBE, Second Empire<\/p>\n","protected":false},"excerpt":{"rendered":"<p>Banderole en cuir gain\u00e9e de cuir rouge recouverte d&rsquo;un galon d&rsquo;argent \u00e0 trois liser\u00e9s, garnitures en laiton dor\u00e9, avec t\u00eate de lion et \u00e9cu \u00e0 l&rsquo;aigle imp\u00e9riale. TBE, Second Empire<\/p>\n","protected":false},"featured_media":4936,"template":"","meta":[],"product_brand":[],"product_cat":[25,51],"product_tag":[],"class_list":{"0":"post-4934","1":"product","2":"type-product","3":"status-publish","4":"has-post-thumbnail","6":"product_cat-equipements","7":"product_cat-equipements-du-soldat-pour-le-combat-ceinturons-cartouchieres-sac-a-dos-etc","8":"pa_statut-disponible","10":"first","11":"instock","12":"purchasable","13":"product-type-simple"},"_links":{"self":[{"href":"https:\/\/france-empires.com\/index.php\/wp-json\/wp\/v2\/product\/4934","targetHints":{"allow":["GET"]}}],"collection":[{"href":"https:\/\/france-empires.com\/index.php\/wp-json\/wp\/v2\/product"}],"about":[{"href":"https:\/\/france-empires.com\/index.php\/wp-json\/wp\/v2\/types\/product"}],"wp:featuredmedia":[{"embeddable":true,"href":"https:\/\/france-empires.com\/index.php\/wp-json\/wp\/v2\/media\/4936"}],"wp:attachment":[{"href":"https:\/\/france-empires.com\/index.php\/wp-json\/wp\/v2\/media?parent=4934"}],"wp:term":[{"taxonomy":"product_brand","embeddable":true,"href":"https:\/\/france-empires.com\/index.php\/wp-json\/wp\/v2\/product_brand?post=4934"},{"taxonomy":"product_cat","embeddable":true,"href":"https:\/\/france-empires.com\/index.php\/wp-json\/wp\/v2\/product_cat?post=4934"},{"taxonomy":"product_tag","embeddable":true,"href":"https:\/\/france-empires.com\/index.php\/wp-json\/wp\/v2\/product_tag?post=4934"}],"curies":[{"name":"wp","href":"https:\/\/api.w.org\/{rel}","templated":true}]}}