{"id":5068,"date":"2024-01-21T19:00:55","date_gmt":"2024-01-21T18:00:55","guid":{"rendered":"https:\/\/france-empires.com\/?post_type=product&#038;p=5068"},"modified":"2024-02-04T19:33:33","modified_gmt":"2024-02-04T18:33:33","slug":"plaque-de-ceinturon-a-la-grenade","status":"publish","type":"product","link":"https:\/\/france-empires.com\/index.php\/produit\/plaque-de-ceinturon-a-la-grenade\/","title":{"rendered":"Plaque de ceinturon a la grenade"},"content":{"rendered":"<p>Plaque de gendarme ayant \u00e9t\u00e9 proprement et m\u00e9thodiquement martel\u00e9e pour ne garder que la grenade centrale<br \/>\nUsage inconnu, probablement un fantaisie de sous-officier<br \/>\nDimensions 70&#215;65<\/p>\n","protected":false},"excerpt":{"rendered":"<p>Plaque de gendarme ayant \u00e9t\u00e9 proprement et m\u00e9thodiquement martel\u00e9e pour ne garder que la grenade centrale Usage inconnu, probablement un fantaisie de sous-officier Dimensions 70&#215;65<\/p>\n","protected":false},"featured_media":5042,"template":"","meta":[],"product_brand":[],"product_cat":[50,24],"product_tag":[],"class_list":{"0":"post-5068","1":"product","2":"type-product","3":"status-publish","4":"has-post-thumbnail","6":"product_cat-autres-accessoires-et-pieces-detachees-duniformes","7":"product_cat-uniformes-et-coiffures","8":"pa_statut-disponible","10":"first","11":"instock","12":"purchasable","13":"product-type-simple"},"_links":{"self":[{"href":"https:\/\/france-empires.com\/index.php\/wp-json\/wp\/v2\/product\/5068","targetHints":{"allow":["GET"]}}],"collection":[{"href":"https:\/\/france-empires.com\/index.php\/wp-json\/wp\/v2\/product"}],"about":[{"href":"https:\/\/france-empires.com\/index.php\/wp-json\/wp\/v2\/types\/product"}],"wp:featuredmedia":[{"embeddable":true,"href":"https:\/\/france-empires.com\/index.php\/wp-json\/wp\/v2\/media\/5042"}],"wp:attachment":[{"href":"https:\/\/france-empires.com\/index.php\/wp-json\/wp\/v2\/media?parent=5068"}],"wp:term":[{"taxonomy":"product_brand","embeddable":true,"href":"https:\/\/france-empires.com\/index.php\/wp-json\/wp\/v2\/product_brand?post=5068"},{"taxonomy":"product_cat","embeddable":true,"href":"https:\/\/france-empires.com\/index.php\/wp-json\/wp\/v2\/product_cat?post=5068"},{"taxonomy":"product_tag","embeddable":true,"href":"https:\/\/france-empires.com\/index.php\/wp-json\/wp\/v2\/product_tag?post=5068"}],"curies":[{"name":"wp","href":"https:\/\/api.w.org\/{rel}","templated":true}]}}