{"id":5074,"date":"2024-01-18T22:05:56","date_gmt":"2024-01-18T21:05:56","guid":{"rendered":"https:\/\/france-empires.com\/?post_type=product&#038;p=5074"},"modified":"2024-01-18T22:05:56","modified_gmt":"2024-01-18T21:05:56","slug":"ensemble-de-coiffures-et-tambours-miniatures","status":"publish","type":"product","link":"https:\/\/france-empires.com\/index.php\/produit\/ensemble-de-coiffures-et-tambours-miniatures\/","title":{"rendered":"Ensemble de coiffures et tambours miniatures"},"content":{"rendered":"<p>Tr\u00e8s bel ensemble de coiffures et tambours miniatures<br \/>\nR\u00e9alisation probable Charles Sandre vers 1900.<\/p>\n<p>Cet ensemble est constitu\u00e9 de :<br \/>\n&#8211; 9 bonnets de police et pokalem<br \/>\n&#8211; un shako de Tirailleur Grenadier de la garde Imp\u00e9riale<br \/>\n&#8211; 2 casques de dragons<br \/>\n&#8211; 5 tambours<br \/>\n&#8211; une paire de baguettes de tambours<\/p>\n<p>Ces miniatures sont de grande qualit\u00e9, avec un soin du d\u00e9tail<br \/>\nAvec coiffes int\u00e9rieures, boucles de serrage, broderies etc<\/p>\n<p>Ensemble de qualit\u00e9 mus\u00e9e. Objets de l&rsquo;Ancien R\u00e9gime, de la R\u00e9volution et de l&rsquo;Empire.<\/p>\n<p>Vente a la pi\u00e8ce envisageable, me consulter<\/p>\n","protected":false},"excerpt":{"rendered":"<p>Tr\u00e8s bel ensemble de coiffures et tambours miniatures R\u00e9alisation probable Charles Sandre vers 1900. Cet ensemble est constitu\u00e9 de : &#8211; 9 bonnets de police et pokalem &#8211; un shako de Tirailleur Grenadier de la garde Imp\u00e9riale &#8211; 2 casques de dragons &#8211; 5 tambours &#8211; une paire de baguettes de&hellip;<\/p>\n","protected":false},"featured_media":5085,"template":"","meta":[],"product_brand":[],"product_cat":[28,45,24],"product_tag":[],"class_list":{"0":"post-5074","1":"product","2":"type-product","3":"status-publish","4":"has-post-thumbnail","6":"product_cat-antiquites-et-autres-collections","7":"product_cat-coiffures-casques-kepis-shakos-etc","8":"product_cat-uniformes-et-coiffures","10":"first","11":"instock","12":"purchasable","13":"product-type-simple"},"_links":{"self":[{"href":"https:\/\/france-empires.com\/index.php\/wp-json\/wp\/v2\/product\/5074","targetHints":{"allow":["GET"]}}],"collection":[{"href":"https:\/\/france-empires.com\/index.php\/wp-json\/wp\/v2\/product"}],"about":[{"href":"https:\/\/france-empires.com\/index.php\/wp-json\/wp\/v2\/types\/product"}],"wp:featuredmedia":[{"embeddable":true,"href":"https:\/\/france-empires.com\/index.php\/wp-json\/wp\/v2\/media\/5085"}],"wp:attachment":[{"href":"https:\/\/france-empires.com\/index.php\/wp-json\/wp\/v2\/media?parent=5074"}],"wp:term":[{"taxonomy":"product_brand","embeddable":true,"href":"https:\/\/france-empires.com\/index.php\/wp-json\/wp\/v2\/product_brand?post=5074"},{"taxonomy":"product_cat","embeddable":true,"href":"https:\/\/france-empires.com\/index.php\/wp-json\/wp\/v2\/product_cat?post=5074"},{"taxonomy":"product_tag","embeddable":true,"href":"https:\/\/france-empires.com\/index.php\/wp-json\/wp\/v2\/product_tag?post=5074"}],"curies":[{"name":"wp","href":"https:\/\/api.w.org\/{rel}","templated":true}]}}