{"id":5160,"date":"2024-02-04T19:00:08","date_gmt":"2024-02-04T18:00:08","guid":{"rendered":"https:\/\/france-empires.com\/?post_type=product&#038;p=5160"},"modified":"2024-02-12T14:58:49","modified_gmt":"2024-02-12T13:58:49","slug":"brassard-dambulancier-service-de-sante-1870-croix-rouge","status":"publish","type":"product","link":"https:\/\/france-empires.com\/index.php\/produit\/brassard-dambulancier-service-de-sante-1870-croix-rouge\/","title":{"rendered":"Brassard d&rsquo;ambulancier \/ Service de Sant\u00e9 1870. Croix Rouge"},"content":{"rendered":"<p>Brassard de la Croix Rouge<br \/>\ncet exemplaire est bien tamponn\u00e9 et r\u00e9ceptionn\u00e9<br \/>\nIl est sign\u00e9 et dat\u00e9 1870<br \/>\nY est fix\u00e9 un carr\u00e9 a la croix rouge, probablement un ornement de k\u00e9pi !<\/p>\n<p>Tr\u00e8s beau t\u00e9moignage du conflit de 1870.<\/p>\n","protected":false},"excerpt":{"rendered":"<p>Brassard de la Croix Rouge cet exemplaire est bien tamponn\u00e9 et r\u00e9ceptionn\u00e9 Il est sign\u00e9 et dat\u00e9 1870 Y est fix\u00e9 un carr\u00e9 a la croix rouge, probablement un ornement de k\u00e9pi ! Tr\u00e8s beau t\u00e9moignage du conflit de 1870.<\/p>\n","protected":false},"featured_media":5132,"template":"","meta":[],"product_brand":[],"product_cat":[46,28,50,49,24],"product_tag":[],"class_list":{"0":"post-5160","1":"product","2":"type-product","3":"status-publish","4":"has-post-thumbnail","6":"product_cat-accessoires-et-pieces-detachees-de-coiffures","7":"product_cat-antiquites-et-autres-collections","8":"product_cat-autres-accessoires-et-pieces-detachees-duniformes","9":"product_cat-epaulettes-cordons-fourageres-et-aiguillettes","10":"product_cat-uniformes-et-coiffures","11":"pa_statut-reserved","13":"first","14":"outofstock","15":"product-type-simple"},"_links":{"self":[{"href":"https:\/\/france-empires.com\/index.php\/wp-json\/wp\/v2\/product\/5160","targetHints":{"allow":["GET"]}}],"collection":[{"href":"https:\/\/france-empires.com\/index.php\/wp-json\/wp\/v2\/product"}],"about":[{"href":"https:\/\/france-empires.com\/index.php\/wp-json\/wp\/v2\/types\/product"}],"wp:featuredmedia":[{"embeddable":true,"href":"https:\/\/france-empires.com\/index.php\/wp-json\/wp\/v2\/media\/5132"}],"wp:attachment":[{"href":"https:\/\/france-empires.com\/index.php\/wp-json\/wp\/v2\/media?parent=5160"}],"wp:term":[{"taxonomy":"product_brand","embeddable":true,"href":"https:\/\/france-empires.com\/index.php\/wp-json\/wp\/v2\/product_brand?post=5160"},{"taxonomy":"product_cat","embeddable":true,"href":"https:\/\/france-empires.com\/index.php\/wp-json\/wp\/v2\/product_cat?post=5160"},{"taxonomy":"product_tag","embeddable":true,"href":"https:\/\/france-empires.com\/index.php\/wp-json\/wp\/v2\/product_tag?post=5160"}],"curies":[{"name":"wp","href":"https:\/\/api.w.org\/{rel}","templated":true}]}}