{"id":7210,"date":"2026-03-24T22:01:45","date_gmt":"2026-03-24T21:01:45","guid":{"rendered":"https:\/\/france-empires.com\/?post_type=product&#038;p=7210"},"modified":"2026-03-24T22:01:45","modified_gmt":"2026-03-24T21:01:45","slug":"portrait-dun-officier-debut-du-19eme-siecle","status":"publish","type":"product","link":"https:\/\/france-empires.com\/index.php\/produit\/portrait-dun-officier-debut-du-19eme-siecle\/","title":{"rendered":"Portrait d&rsquo;un officier, d\u00e9but du 19\u00e8me si\u00e9cle"},"content":{"rendered":"<p>Beau portrait d&rsquo;un officier sup\u00e9rieur, voire G\u00e9n\u00e9ral, probablement d&rsquo;un Danois ayant \u00e9t\u00e9 au service de l&rsquo;Empire.<br \/>\nD\u00e9cor\u00e9 de la L\u00e9gion d&rsquo;Honneur, de l&rsquo;ordre du Dannebrog et de l&rsquo;Ordre de la R\u00e9union.<br \/>\nDimensions du portrait environ A5<\/p>\n","protected":false},"excerpt":{"rendered":"<p>Beau portrait d&rsquo;un officier sup\u00e9rieur, voire G\u00e9n\u00e9ral, probablement d&rsquo;un Danois ayant \u00e9t\u00e9 au service de l&rsquo;Empire. D\u00e9cor\u00e9 de la L\u00e9gion d&rsquo;Honneur, de l&rsquo;ordre du Dannebrog et de l&rsquo;Ordre de la R\u00e9union. Dimensions du portrait environ A5<\/p>\n","protected":false},"featured_media":7213,"template":"","meta":[],"product_brand":[],"product_cat":[28,26,145],"product_tag":[],"class_list":{"0":"post-7210","1":"product","2":"type-product","3":"status-publish","4":"has-post-thumbnail","6":"product_cat-antiquites-et-autres-collections","7":"product_cat-librairie-documents-et-photos","8":"product_cat-nouveautes","10":"first","11":"instock","12":"taxable","13":"shipping-taxable","14":"purchasable","15":"product-type-simple"},"_links":{"self":[{"href":"https:\/\/france-empires.com\/index.php\/wp-json\/wp\/v2\/product\/7210","targetHints":{"allow":["GET"]}}],"collection":[{"href":"https:\/\/france-empires.com\/index.php\/wp-json\/wp\/v2\/product"}],"about":[{"href":"https:\/\/france-empires.com\/index.php\/wp-json\/wp\/v2\/types\/product"}],"wp:featuredmedia":[{"embeddable":true,"href":"https:\/\/france-empires.com\/index.php\/wp-json\/wp\/v2\/media\/7213"}],"wp:attachment":[{"href":"https:\/\/france-empires.com\/index.php\/wp-json\/wp\/v2\/media?parent=7210"}],"wp:term":[{"taxonomy":"product_brand","embeddable":true,"href":"https:\/\/france-empires.com\/index.php\/wp-json\/wp\/v2\/product_brand?post=7210"},{"taxonomy":"product_cat","embeddable":true,"href":"https:\/\/france-empires.com\/index.php\/wp-json\/wp\/v2\/product_cat?post=7210"},{"taxonomy":"product_tag","embeddable":true,"href":"https:\/\/france-empires.com\/index.php\/wp-json\/wp\/v2\/product_tag?post=7210"}],"curies":[{"name":"wp","href":"https:\/\/api.w.org\/{rel}","templated":true}]}}