{"id":7246,"date":"2026-03-24T23:13:18","date_gmt":"2026-03-24T22:13:18","guid":{"rendered":"https:\/\/france-empires.com\/?post_type=product&#038;p=7246"},"modified":"2026-03-24T23:13:18","modified_gmt":"2026-03-24T22:13:18","slug":"diplome-et-legion-dhonneur-epoque-1805-restauration","status":"publish","type":"product","link":"https:\/\/france-empires.com\/index.php\/produit\/diplome-et-legion-dhonneur-epoque-1805-restauration\/","title":{"rendered":"Dipl\u00f4me et L\u00e9gion d&rsquo;Honneur \u00e9poque 1805 \/ Restauration"},"content":{"rendered":"<p>Dipl\u00f4me attribu\u00e9 \u00e0 Pierre Cirard (?) officier d&rsquo;Infanterie de Ligne<br \/>\nLa date semble \u00eatre 1805; il s&rsquo;agit probablement un duplicata post\u00e9rieur.<\/p>\n","protected":false},"excerpt":{"rendered":"<p>Dipl\u00f4me attribu\u00e9 \u00e0 Pierre Cirard (?) officier d&rsquo;Infanterie de Ligne La date semble \u00eatre 1805; il s&rsquo;agit probablement un duplicata post\u00e9rieur.<\/p>\n","protected":false},"featured_media":7247,"template":"","meta":[],"product_brand":[],"product_cat":[23,42,145],"product_tag":[],"class_list":{"0":"post-7246","1":"product","2":"type-product","3":"status-publish","4":"has-post-thumbnail","6":"product_cat-medailles-et-decorations","7":"product_cat-militaires","8":"product_cat-nouveautes","10":"first","11":"instock","12":"purchasable","13":"product-type-simple"},"_links":{"self":[{"href":"https:\/\/france-empires.com\/index.php\/wp-json\/wp\/v2\/product\/7246","targetHints":{"allow":["GET"]}}],"collection":[{"href":"https:\/\/france-empires.com\/index.php\/wp-json\/wp\/v2\/product"}],"about":[{"href":"https:\/\/france-empires.com\/index.php\/wp-json\/wp\/v2\/types\/product"}],"wp:featuredmedia":[{"embeddable":true,"href":"https:\/\/france-empires.com\/index.php\/wp-json\/wp\/v2\/media\/7247"}],"wp:attachment":[{"href":"https:\/\/france-empires.com\/index.php\/wp-json\/wp\/v2\/media?parent=7246"}],"wp:term":[{"taxonomy":"product_brand","embeddable":true,"href":"https:\/\/france-empires.com\/index.php\/wp-json\/wp\/v2\/product_brand?post=7246"},{"taxonomy":"product_cat","embeddable":true,"href":"https:\/\/france-empires.com\/index.php\/wp-json\/wp\/v2\/product_cat?post=7246"},{"taxonomy":"product_tag","embeddable":true,"href":"https:\/\/france-empires.com\/index.php\/wp-json\/wp\/v2\/product_tag?post=7246"}],"curies":[{"name":"wp","href":"https:\/\/api.w.org\/{rel}","templated":true}]}}