{"id":7305,"date":"2026-04-03T20:56:51","date_gmt":"2026-04-03T18:56:51","guid":{"rendered":"https:\/\/france-empires.com\/?post_type=product&#038;p=7305"},"modified":"2026-04-03T22:40:37","modified_gmt":"2026-04-03T20:40:37","slug":"basquine-modele-1860-de-fusilier-dinfanterie-de-ligne","status":"publish","type":"product","link":"https:\/\/france-empires.com\/index.php\/produit\/basquine-modele-1860-de-fusilier-dinfanterie-de-ligne\/","title":{"rendered":"Basquine mod\u00e8le 1860 de fusilier d&rsquo;infanterie de Ligne"},"content":{"rendered":"<p>Basquine du 26\u00e8me de Ligne<br \/>\nen bel \u00e9tat, avec usure d&rsquo;usage et petits trous et l\u00e9chures de mites.<br \/>\nMarquages int\u00e9rieurs.<br \/>\nEpaulettes au mod\u00e8le, homog\u00e8nes, l&rsquo;une \u00e9tant marqu\u00e9e et dat\u00e9e.<\/p>\n","protected":false},"excerpt":{"rendered":"<p>Basquine du 26\u00e8me de Ligne en bel \u00e9tat, avec usure d&rsquo;usage et petits trous et l\u00e9chures de mites. Marquages int\u00e9rieurs. Epaulettes au mod\u00e8le, homog\u00e8nes, l&rsquo;une \u00e9tant marqu\u00e9e et dat\u00e9e.<\/p>\n","protected":false},"featured_media":7308,"template":"","meta":[],"product_brand":[],"product_cat":[145,47,24],"product_tag":[],"class_list":{"0":"post-7305","1":"product","2":"type-product","3":"status-publish","4":"has-post-thumbnail","6":"product_cat-nouveautes","7":"product_cat-uniformes-complets-et-elements-seuls","8":"product_cat-uniformes-et-coiffures","10":"first","11":"outofstock","12":"product-type-simple"},"_links":{"self":[{"href":"https:\/\/france-empires.com\/index.php\/wp-json\/wp\/v2\/product\/7305","targetHints":{"allow":["GET"]}}],"collection":[{"href":"https:\/\/france-empires.com\/index.php\/wp-json\/wp\/v2\/product"}],"about":[{"href":"https:\/\/france-empires.com\/index.php\/wp-json\/wp\/v2\/types\/product"}],"wp:featuredmedia":[{"embeddable":true,"href":"https:\/\/france-empires.com\/index.php\/wp-json\/wp\/v2\/media\/7308"}],"wp:attachment":[{"href":"https:\/\/france-empires.com\/index.php\/wp-json\/wp\/v2\/media?parent=7305"}],"wp:term":[{"taxonomy":"product_brand","embeddable":true,"href":"https:\/\/france-empires.com\/index.php\/wp-json\/wp\/v2\/product_brand?post=7305"},{"taxonomy":"product_cat","embeddable":true,"href":"https:\/\/france-empires.com\/index.php\/wp-json\/wp\/v2\/product_cat?post=7305"},{"taxonomy":"product_tag","embeddable":true,"href":"https:\/\/france-empires.com\/index.php\/wp-json\/wp\/v2\/product_tag?post=7305"}],"curies":[{"name":"wp","href":"https:\/\/api.w.org\/{rel}","templated":true}]}}