{"id":7353,"date":"2026-04-03T23:49:54","date_gmt":"2026-04-03T21:49:54","guid":{"rendered":"https:\/\/france-empires.com\/?post_type=product&#038;p=7353"},"modified":"2026-04-03T23:51:30","modified_gmt":"2026-04-03T21:51:30","slug":"paire-de-longues-guetres-dinfanterie","status":"publish","type":"product","link":"https:\/\/france-empires.com\/index.php\/produit\/paire-de-longues-guetres-dinfanterie\/","title":{"rendered":"Paire de longues gu\u00eatres d&rsquo;infanterie"},"content":{"rendered":"<p>En toile \u00e9crue, r\u00e9ceptionn\u00e9es mais date illisible<\/p>\n","protected":false},"excerpt":{"rendered":"<p>En toile \u00e9crue, r\u00e9ceptionn\u00e9es mais date illisible<\/p>\n","protected":false},"featured_media":7354,"template":"","meta":[],"product_brand":[],"product_cat":[25,51,145],"product_tag":[],"class_list":{"0":"post-7353","1":"product","2":"type-product","3":"status-publish","4":"has-post-thumbnail","6":"product_cat-equipements","7":"product_cat-equipements-du-soldat-pour-le-combat-ceinturons-cartouchieres-sac-a-dos-etc","8":"product_cat-nouveautes","10":"first","11":"instock","12":"purchasable","13":"product-type-simple"},"_links":{"self":[{"href":"https:\/\/france-empires.com\/index.php\/wp-json\/wp\/v2\/product\/7353","targetHints":{"allow":["GET"]}}],"collection":[{"href":"https:\/\/france-empires.com\/index.php\/wp-json\/wp\/v2\/product"}],"about":[{"href":"https:\/\/france-empires.com\/index.php\/wp-json\/wp\/v2\/types\/product"}],"wp:featuredmedia":[{"embeddable":true,"href":"https:\/\/france-empires.com\/index.php\/wp-json\/wp\/v2\/media\/7354"}],"wp:attachment":[{"href":"https:\/\/france-empires.com\/index.php\/wp-json\/wp\/v2\/media?parent=7353"}],"wp:term":[{"taxonomy":"product_brand","embeddable":true,"href":"https:\/\/france-empires.com\/index.php\/wp-json\/wp\/v2\/product_brand?post=7353"},{"taxonomy":"product_cat","embeddable":true,"href":"https:\/\/france-empires.com\/index.php\/wp-json\/wp\/v2\/product_cat?post=7353"},{"taxonomy":"product_tag","embeddable":true,"href":"https:\/\/france-empires.com\/index.php\/wp-json\/wp\/v2\/product_tag?post=7353"}],"curies":[{"name":"wp","href":"https:\/\/api.w.org\/{rel}","templated":true}]}}