{"id":7368,"date":"2026-04-04T00:00:29","date_gmt":"2026-04-03T22:00:29","guid":{"rendered":"https:\/\/france-empires.com\/?post_type=product&#038;p=7368"},"modified":"2026-04-04T00:01:50","modified_gmt":"2026-04-03T22:01:50","slug":"etui-a-revolver-type-lefaucheux-infanterie-de-marine","status":"publish","type":"product","link":"https:\/\/france-empires.com\/index.php\/produit\/etui-a-revolver-type-lefaucheux-infanterie-de-marine\/","title":{"rendered":"Etui \u00e0 revolver type Lefaucheux, Marine Imp\u00e9riale"},"content":{"rendered":"<p>Int\u00e9ressant \u00e9tui de revolver en cuir noir.<br \/>\nLe bouton est pour officier de Marine Second Empire.<br \/>\nUsures et petits manques<\/p>\n","protected":false},"excerpt":{"rendered":"<p>Int\u00e9ressant \u00e9tui de revolver en cuir noir. Le bouton est pour officier de Marine Second Empire. Usures et petits manques<\/p>\n","protected":false},"featured_media":7370,"template":"","meta":[],"product_brand":[],"product_cat":[83,76,25,51,145],"product_tag":[],"class_list":{"0":"post-7368","1":"product","2":"type-product","3":"status-publish","4":"has-post-thumbnail","6":"product_cat-accessoires-darmes","7":"product_cat-armes-anciennes","8":"product_cat-equipements","9":"product_cat-equipements-du-soldat-pour-le-combat-ceinturons-cartouchieres-sac-a-dos-etc","10":"product_cat-nouveautes","12":"first","13":"instock","14":"purchasable","15":"product-type-simple"},"_links":{"self":[{"href":"https:\/\/france-empires.com\/index.php\/wp-json\/wp\/v2\/product\/7368","targetHints":{"allow":["GET"]}}],"collection":[{"href":"https:\/\/france-empires.com\/index.php\/wp-json\/wp\/v2\/product"}],"about":[{"href":"https:\/\/france-empires.com\/index.php\/wp-json\/wp\/v2\/types\/product"}],"wp:featuredmedia":[{"embeddable":true,"href":"https:\/\/france-empires.com\/index.php\/wp-json\/wp\/v2\/media\/7370"}],"wp:attachment":[{"href":"https:\/\/france-empires.com\/index.php\/wp-json\/wp\/v2\/media?parent=7368"}],"wp:term":[{"taxonomy":"product_brand","embeddable":true,"href":"https:\/\/france-empires.com\/index.php\/wp-json\/wp\/v2\/product_brand?post=7368"},{"taxonomy":"product_cat","embeddable":true,"href":"https:\/\/france-empires.com\/index.php\/wp-json\/wp\/v2\/product_cat?post=7368"},{"taxonomy":"product_tag","embeddable":true,"href":"https:\/\/france-empires.com\/index.php\/wp-json\/wp\/v2\/product_tag?post=7368"}],"curies":[{"name":"wp","href":"https:\/\/api.w.org\/{rel}","templated":true}]}}