{"id":884,"date":"2023-01-27T15:25:02","date_gmt":"2023-01-27T14:25:02","guid":{"rendered":"https:\/\/france-empires.com\/?post_type=product&#038;p=884"},"modified":"2024-04-30T15:29:27","modified_gmt":"2024-04-30T13:29:27","slug":"bonnet-de-police-grenadiers-de-la-garde-imperiale-modele-1860","status":"publish","type":"product","link":"https:\/\/france-empires.com\/index.php\/produit\/bonnet-de-police-grenadiers-de-la-garde-imperiale-modele-1860\/","title":{"rendered":"Bonnet de Police Grenadiers de la Garde Imp\u00e9riale mod\u00e8le 1860"},"content":{"rendered":"<p>Bon bonnet de police pouvant \u00e9galement \u00eatre attribu\u00e9 \u00e0 l\u2019artillerie de la Garde Imp\u00e9riale<br \/>\nDans l\u2019ensemble en BE ayant subi quelques restaurations, reste tr\u00e8s pr\u00e9sentable<br \/>\nPatte en cuir \u00e0 l\u2019int\u00e9rieur avec matricule et date (4e trimestre 1862)<\/p>\n<p>&nbsp;<\/p>\n<p>Pour reference:<\/p>\n<p>https:\/\/www.ader-paris.fr\/lot\/123729\/17692674-bonnet-de-police-modele-1860-d<\/p>\n","protected":false},"excerpt":{"rendered":"<p>Bon bonnet de police pouvant \u00e9galement \u00eatre attribu\u00e9 \u00e0 l\u2019artillerie de la Garde Imp\u00e9riale Dans l\u2019ensemble en BE ayant subi quelques restaurations, reste tr\u00e8s pr\u00e9sentable Patte en cuir \u00e0 l\u2019int\u00e9rieur avec matricule et date (4e trimestre 1862) &nbsp; Pour reference: https:\/\/www.ader-paris.fr\/lot\/123729\/17692674-bonnet-de-police-modele-1860-d<\/p>\n","protected":false},"featured_media":885,"template":"","meta":[],"product_brand":[],"product_cat":[45,24],"product_tag":[],"class_list":{"0":"post-884","1":"product","2":"type-product","3":"status-publish","4":"has-post-thumbnail","6":"product_cat-coiffures-casques-kepis-shakos-etc","7":"product_cat-uniformes-et-coiffures","8":"pa_statut-reserved","10":"first","11":"outofstock","12":"product-type-simple"},"_links":{"self":[{"href":"https:\/\/france-empires.com\/index.php\/wp-json\/wp\/v2\/product\/884","targetHints":{"allow":["GET"]}}],"collection":[{"href":"https:\/\/france-empires.com\/index.php\/wp-json\/wp\/v2\/product"}],"about":[{"href":"https:\/\/france-empires.com\/index.php\/wp-json\/wp\/v2\/types\/product"}],"wp:featuredmedia":[{"embeddable":true,"href":"https:\/\/france-empires.com\/index.php\/wp-json\/wp\/v2\/media\/885"}],"wp:attachment":[{"href":"https:\/\/france-empires.com\/index.php\/wp-json\/wp\/v2\/media?parent=884"}],"wp:term":[{"taxonomy":"product_brand","embeddable":true,"href":"https:\/\/france-empires.com\/index.php\/wp-json\/wp\/v2\/product_brand?post=884"},{"taxonomy":"product_cat","embeddable":true,"href":"https:\/\/france-empires.com\/index.php\/wp-json\/wp\/v2\/product_cat?post=884"},{"taxonomy":"product_tag","embeddable":true,"href":"https:\/\/france-empires.com\/index.php\/wp-json\/wp\/v2\/product_tag?post=884"}],"curies":[{"name":"wp","href":"https:\/\/api.w.org\/{rel}","templated":true}]}}