{"id":965,"date":"2023-01-27T18:45:06","date_gmt":"2023-01-27T17:45:06","guid":{"rendered":"https:\/\/france-empires.com\/?post_type=product&#038;p=965"},"modified":"2024-06-07T15:50:34","modified_gmt":"2024-06-07T13:50:34","slug":"bouee-de-debarquement","status":"publish","type":"product","link":"https:\/\/france-empires.com\/index.php\/produit\/bouee-de-debarquement\/","title":{"rendered":"Bou\u00e9e de d\u00e9barquement"},"content":{"rendered":"<p>Bou\u00e9e de d\u00e9barquement du mod\u00e8le utilis\u00e9 en Normandie<br \/>\nBien marqu\u00e9e et dat\u00e9e 1944<\/p>\n<p>D\u00e9p\u00f4t de particulier<\/p>\n","protected":false},"excerpt":{"rendered":"<p>Bou\u00e9e de d\u00e9barquement du mod\u00e8le utilis\u00e9 en Normandie Bien marqu\u00e9e et dat\u00e9e 1944 D\u00e9p\u00f4t de particulier<\/p>\n","protected":false},"featured_media":969,"template":"","meta":[],"product_brand":[],"product_cat":[25,51],"product_tag":[],"class_list":{"0":"post-965","1":"product","2":"type-product","3":"status-publish","4":"has-post-thumbnail","6":"product_cat-equipements","7":"product_cat-equipements-du-soldat-pour-le-combat-ceinturons-cartouchieres-sac-a-dos-etc","8":"pa_statut-vendu","10":"first","11":"outofstock","12":"taxable","13":"shipping-taxable","14":"product-type-simple"},"_links":{"self":[{"href":"https:\/\/france-empires.com\/index.php\/wp-json\/wp\/v2\/product\/965","targetHints":{"allow":["GET"]}}],"collection":[{"href":"https:\/\/france-empires.com\/index.php\/wp-json\/wp\/v2\/product"}],"about":[{"href":"https:\/\/france-empires.com\/index.php\/wp-json\/wp\/v2\/types\/product"}],"wp:featuredmedia":[{"embeddable":true,"href":"https:\/\/france-empires.com\/index.php\/wp-json\/wp\/v2\/media\/969"}],"wp:attachment":[{"href":"https:\/\/france-empires.com\/index.php\/wp-json\/wp\/v2\/media?parent=965"}],"wp:term":[{"taxonomy":"product_brand","embeddable":true,"href":"https:\/\/france-empires.com\/index.php\/wp-json\/wp\/v2\/product_brand?post=965"},{"taxonomy":"product_cat","embeddable":true,"href":"https:\/\/france-empires.com\/index.php\/wp-json\/wp\/v2\/product_cat?post=965"},{"taxonomy":"product_tag","embeddable":true,"href":"https:\/\/france-empires.com\/index.php\/wp-json\/wp\/v2\/product_tag?post=965"}],"curies":[{"name":"wp","href":"https:\/\/api.w.org\/{rel}","templated":true}]}}